{"id":215,"date":"2008-09-04T21:58:18","date_gmt":"2008-09-04T19:58:18","guid":{"rendered":"http:\/\/www.petera.se\/blog\/?page_id=215"},"modified":"2009-06-07T22:28:16","modified_gmt":"2009-06-07T20:28:16","slug":"preview-norrland","status":"publish","type":"page","link":"https:\/\/www.petera.se\/blog\/preview-norrland","title":{"rendered":"Galleri: Preview Norrland"},"content":{"rendered":"<p>H\u00e4r \u00e4r en snabb genoscanning av bilder med Norrlandsk\u00e4nsla\u00a0som jag hittat i databasen. Det \u00e4r b\u00e5de behandlade bilder och s\u00e5na som \u00e4r tagna rakt ur kameran.<\/p>\nngg_shortcode_0_placeholder\n","protected":false},"excerpt":{"rendered":"<p>H\u00e4r \u00e4r en snabb genoscanning av bilder med Norrlandsk\u00e4nsla\u00a0som jag hittat i databasen. Det \u00e4r b\u00e5de behandlade bilder och s\u00e5na som \u00e4r tagna rakt ur kameran.<\/p>\n","protected":false},"author":2,"featured_media":0,"parent":0,"menu_order":0,"comment_status":"open","ping_status":"open","template":"document-page.php","meta":{"ngg_post_thumbnail":0,"footnotes":""},"class_list":["post-215","page","type-page","status-publish","hentry"],"aioseo_notices":[],"_links":{"self":[{"href":"https:\/\/www.petera.se\/blog\/wp-json\/wp\/v2\/pages\/215","targetHints":{"allow":["GET"]}}],"collection":[{"href":"https:\/\/www.petera.se\/blog\/wp-json\/wp\/v2\/pages"}],"about":[{"href":"https:\/\/www.petera.se\/blog\/wp-json\/wp\/v2\/types\/page"}],"author":[{"embeddable":true,"href":"https:\/\/www.petera.se\/blog\/wp-json\/wp\/v2\/users\/2"}],"replies":[{"embeddable":true,"href":"https:\/\/www.petera.se\/blog\/wp-json\/wp\/v2\/comments?post=215"}],"version-history":[{"count":5,"href":"https:\/\/www.petera.se\/blog\/wp-json\/wp\/v2\/pages\/215\/revisions"}],"predecessor-version":[{"id":883,"href":"https:\/\/www.petera.se\/blog\/wp-json\/wp\/v2\/pages\/215\/revisions\/883"}],"wp:attachment":[{"href":"https:\/\/www.petera.se\/blog\/wp-json\/wp\/v2\/media?parent=215"}],"curies":[{"name":"wp","href":"https:\/\/api.w.org\/{rel}","templated":true}]}}