{"id":27,"date":"2008-02-09T17:11:07","date_gmt":"2008-02-09T16:11:07","guid":{"rendered":"http:\/\/www.petera.se\/blog\/?page_id=27"},"modified":"2014-10-25T22:54:51","modified_gmt":"2014-10-25T21:54:51","slug":"about","status":"publish","type":"page","link":"https:\/\/www.petera.se\/blog\/about","title":{"rendered":"Det h\u00e4r \u00e4r peterA\u2026"},"content":{"rendered":"<p><a href=\"https:\/\/www.petera.se\/blog\/wp-content\/uploads\/2008\/02\/peter-a.jpg\"><img decoding=\"async\" class=\"alignleft wp-image-2869 size-medium\" src=\"https:\/\/www.petera.se\/blog\/wp-content\/uploads\/2008\/02\/peter-a-300x300.jpg\" alt=\"Peter Axelsson\" width=\"300\" height=\"300\" srcset=\"https:\/\/www.petera.se\/blog\/wp-content\/uploads\/2008\/02\/peter-a-300x300.jpg 300w, https:\/\/www.petera.se\/blog\/wp-content\/uploads\/2008\/02\/peter-a-150x150.jpg 150w, https:\/\/www.petera.se\/blog\/wp-content\/uploads\/2008\/02\/peter-a-75x75.jpg 75w, https:\/\/www.petera.se\/blog\/wp-content\/uploads\/2008\/02\/peter-a-50x50.jpg 50w, https:\/\/www.petera.se\/blog\/wp-content\/uploads\/2008\/02\/peter-a.jpg 690w\" sizes=\"(max-width: 300px) 100vw, 300px\" \/><\/a><\/p>\n<p>Jag \u00e4r en f\u00e5f\u00e4ng och st\u00e4ndigt \u00f6verambiti\u00f6s sundsvallsbo med en enorm vetgirighet. Denna vetgirighet driver mig fram\u00e5t i min st\u00e4ndiga iver att f\u00f6rs\u00f6ka l\u00e4ra mig mer. Jag \u00e4r kontinuerligt reflekterande och missar inte en stund att fundera \u00f6ver situationen och processen, ut\u00f6ver sj\u00e4lva sakfr\u00e5gan. Jag har under de senaste \u00e5ren t\u00e4nkt mycket p\u00e5 mig sj\u00e4lv, vad jag varit med om och vad jag l\u00e4rt mig. Eftersom jag st\u00e4ndigt byter intresseomr\u00e5de, jag hoppar som en fluga fr\u00e5n blomma till blomma, k\u00e4nde jag att jag skulle beh\u00f6va inventera min omedvetna kompetens s\u00e5 att den blir tydlig f\u00f6r mig. Dessutom ville jag f\u00e5 en vana i att skriva av mig av nya insikter och l\u00e4rdomar. Det var d\u00e5 jag b\u00f6rjade skriva webdagbok, och det h\u00e5ller jag p\u00e5 med fortfarande, \u00e4ven om det ibland g\u00e5r l\u00e5ngt mellan inl\u00e4ggen.<\/p>\n<p>Jag har alltid skrivit i n\u00e5gon form, antingen i en wordfil eller i anteckningsblock eller i bok eller p\u00e5 annat s\u00e4tt, men jag hade aldrig skrivit i blogform och tyckte att det var ett roligt s\u00e4tt att skriva till mig sj\u00e4lv. Med en l\u00e4tt schizofreni som gett uttryck i s\u00e5dant som sj\u00e4lvcoaching t.ex, s\u00e5 var det dessutom en extra krydda att skriva till mig sj\u00e4lv. P\u00e5 senare \u00e5r, i samband med universitetsstudier i sociologi och kognition, har jag f\u00f6rst\u00e5tt att v\u00e5r kognitiva f\u00f6rm\u00e5ga och sj\u00e4lvmedvetenhet utvecklas till stor del tack vare en kontinuerlig inre dialog, s\u00e5 jag \u00e4r bara otroligt frisk ;) \u00a0Jag b\u00e4r dessutom p\u00e5 en dr\u00f6m att n\u00e5gon g\u00e5ng skriva en hel bok, en roman eller faktabok, och d\u00e5 kommer alla dessa samlade reflektioner och dess kommentarer till god nytta eftersom jag har s\u00e5 f\u00f6rb\u00e5lt d\u00e5ligt minne och s\u00e4llan kommer ih\u00e5g det jag f\u00f6rst\u00e5tt. Till en b\u00f6rjan f\u00f6rs\u00f6ker jag tr\u00e4na genom att f\u00f6ra dagbokh\u00e4r, att skriva web-artiklar och med tiden ocks\u00e5 debattinl\u00e4gg och artiklar i tryckt media :) Jag f\u00f6rs\u00f6ker ocks\u00e5 hitta den goda balansen mellan vad jag s\u00e4ger i mina yrkesroller och som mig sj\u00e4lv som peterA.<\/p>\n<p>Min karri\u00e4r b\u00f6rjar vara v\u00e4ldigt l\u00e5ng, jag hade min f\u00f6rsta anst\u00e4llning i IT-branschen redan 1986 och har hunnit med det mesta i roller och organisationer. D\u00e5, i slutet p\u00e5 80-talet var jag en av v\u00e4rldens b\u00e4sta C-programmerare. Och trodde att v\u00e5ra program skulle revolutionera v\u00e4rlden. S\u00e5 blev det inte riktigt \u00e4ven om vi skapade bra system. Under\u00a0n\u00e5gra \u00e5r i konsultbranschen p\u00e5 Cap Gemini och Know IT under 90-talet b\u00f6rjade jag f\u00f6rst\u00e5 att vi beh\u00f6ver arbeta med verksamheten som anv\u00e4nder systemen. Dels f\u00f6r att f\u00e5 dem att st\u00e4lla b\u00e4ttre krav, men ocks\u00e5 f\u00f6r att utveckla sina processer och sin ledning och styrning. Jag lockades som konsult \u00f6ver till RFV 2001 via ett uppdrag som omr\u00e5deschef efter att ha konsultat i olika roller under tv\u00e5 \u00e5r. Jag hyrdes in som konsult f\u00f6r att agera linjechef och bygga upp ett nytt omr\u00e5de f\u00f6r komponentlagring. Jag gick \u00f6ver efter ett halv\u00e5r som fast anst\u00e4lld f\u00f6r att f\u00e5 vara kvar med mina medarbetare och mitt uppdrag. Jag hade p\u00e5 den tiden f\u00e5tt upp \u00f6gonen f\u00f6r att det inte spelar n\u00e5gon roll om vi har de b\u00e4sta IT-systemen och de effektivaste processerna om inte m\u00e4nniskorna i organisationen f\u00f6rst\u00e5r, samarbetar och m\u00e5r bra. Jag utvecklade mig sj\u00e4lv som ledare och coach f\u00f6r att forts\u00e4tta utforska de m\u00f6jligheterna. Jag\u00a0fortsatte sedan i olika chefsroller p\u00e5 RFV och F\u00f6rs\u00e4kringskassan fram till 2007 d\u00e5 jag ville tillbaka till det privata n\u00e4ringslivet och konsultbranschen igen. Tiden p\u00e5 myndigheten hade dock gett ov\u00e4rderliga erfarenheter. Jag var med och utredde den nya F\u00f6rs\u00e4kringskassan 2004, och jag var med och ledde omorganisationen av Utvecklingsdivisionen 2005-2006. Jag har f\u00e5tt se den offentliga sektorns styrkor och m\u00e5nga svagheter och det ger mig fantastiska\u00a0insikter som jag anv\u00e4nder i mitt konsultarbete. Att kombinera konsultchefsrollen med att arbeta som konsult har sina utmaningar, men \u00e4r i l\u00e4ngden en otroligt givande kombination.<\/p>\n<p>Fr\u00e5n 20 december 2013 \u00e4r jag del\u00e4gare i Masarin Consulting Group. Ett konsultf\u00f6retag med ambitionen att sy ihop de tre omr\u00e5den som jag utforskat under mitt arbetsliv. Vi vill integrera IT-utveckling, verksamhetsutveckling och organisationsutveckling f\u00f6r att\u00a0anv\u00e4nda kompetenser fr\u00e5n alla tre sp\u00e5r i v\u00e5ra kunders\u00a0f\u00f6r\u00e4ndringsprojekt. Och f\u00f6r att bidra med s\u00e5 m\u00e5nga reflekterande perspektiv som m\u00f6jligt f\u00f6r att driva medvetenhet och \u00f6kad f\u00f6rst\u00e5else om den egna situationen i verksamhet och organisation. V\u00e4lkommen in p\u00e5 <a title=\"Masarin Consulting Group\" href=\"http:\/\/masarinconsulting.se\" target=\"_blank\">masarinconsulting.se<\/a>.<\/p>\n<p>Peter Axelsson<br \/>\n072-235 88 02<br \/>\n<a title=\"petera1967@hotmail.com\" href=\"mailto:petera1967@hotmail.com\" target=\"_blank\">petera1967@hotmail.com<\/a><br \/>\n<a style=\"text-decoration: none;\" href=\"http:\/\/se.linkedin.com\/in\/petera1967\"><span style=\"font: 80% Arial,sans-serif; color: #0783b6;\"><img decoding=\"async\" style=\"vertical-align: middle;\" src=\"https:\/\/static.licdn.com\/scds\/common\/u\/img\/webpromo\/btn_in_20x15.png\" alt=\"View Peter Axelsson's LinkedIn profile\" width=\"20\" height=\"15\" border=\"0\" \/>View Peter Axelsson&#8217;s profile<\/span><\/a><\/p>\n<p>Mina stora intressen delar sig i tv\u00e5 sp\u00e5r, som jag ofta f\u00f6rs\u00f6ker sammanf\u00f6ra:<\/p>\n<p>\u00c5 ena sidan \u00e4r jag intresserad av <strong>ledarskap och m\u00e4nskliga relationer <\/strong>och de former och situationer d\u00e4r det g\u00e5r att studera. Det senare inneb\u00e4r att jag ocks\u00e5\u00a0gillar organisationer och verksamheter och hur arbetsuppgifter, ansvar och befogenheter utdelas och f\u00f6rdelas och\u00a0alla de problem som uppst\u00e5r i tolkningen av vad som \u00e4r sagt :)\u00a0Jag \u00e4r en person som beh\u00f6ver hitta strukturer och system f\u00f6r att kunna lagra information effektivt i hj\u00e4rnan och det g\u00f6r att jag st\u00e4ndigt f\u00f6rs\u00f6ker hitta likheter, parallellprocesser och andra m\u00f6nster f\u00f6r att k\u00e4nna igen situationer som jag upplever. Jag brukar ocks\u00e5 kombinera detta med ett utvecklat sinne f\u00f6r f\u00f6renklande och f\u00f6rklarande metaforer. Dessa metaforer kan ofta erbjuda en snabbare v\u00e4g till en aha-upplevelse \u00e4n en l\u00e5ng utl\u00e4ggning. Alla dessa mellanm\u00e4nskliga relationer har jag studerat p\u00e5 <a href=\"http:\/\/www.miun.se\" target=\"_blank\">Mittuniversitetet<\/a>. Jag har l\u00e4st 60hp i Sociologi och har l\u00e4rt mig massor. Jag har lagt ut alla delkursers material med tron p\u00e5 att information vill vara fri och att n\u00e5gon kan ha nytta av det. Jag har ocks\u00e5 l\u00e4st 30hp\u00a0Kognitionsvetenskap vid H\u00f6gskolan i Sk\u00f6vde. Det \u00e4r en sp\u00e4nnande vinkling p\u00e5 m\u00e4nskligt beteende utifr\u00e5n t\u00e4nkande, minnen och medvetenhet.\u00a0Dessutom har jag certifierad mig som Licensed THE Practitioner och f\u00f6r\u00e4ndringsledare enligt Prosci:s metodik. Jag har g\u00e5tt Radical Collaboration och ett antal forts\u00e4ttningsprogram baserade p\u00e5 samma grunder.<\/p>\n<p>\u00c5\u00a0andra sidan \u00e4r jag en <strong>passionerad fotograf<\/strong>, \u00e4ven om jag hittar f\u00e4rre och f\u00e4rre tillf\u00e4llen att f\u00e5 frossa. Jag har fotat p\u00e5 allvar i tio\u00a0\u00e5r, varav \u00e5tta\u00a0\u00e5r digitalt. Jag blandar motiv med intresse f\u00f6r byggnader, landskap, djur och barn s\u00e5klart. Jag f\u00f6rs\u00f6ker dessutom att ge mig fler och fler tillf\u00e4llen att komma ut och iv\u00e4g f\u00f6r att g\u00f6ra n\u00e5got annat \u00e4n arbete och familj. De senaste \u00e5ren har jag mer och mer integrerat\u00a0mina <a title=\"Halloween och vackra bilder\" href=\"https:\/\/www.petera.se\/blog\/halloween-och-vackra-bilder\">bilder i jobbet<\/a> som konsult. Detta genom att anv\u00e4nda bilder som st\u00e4mningsskapare i f\u00f6redrag, som underlag f\u00f6r reflektions\u00f6vningar eller som kreativa verktyg vid workshopincheckning. Det ger dessutom en extra kick n\u00e4r det \u00e4r mina egna bilder jag anv\u00e4nder. Men jag vill ocks\u00e5 f\u00f6rs\u00f6ka utveckla mig, s\u00e5 jag snor friskt id\u00e9er och uppslag. Jag har varit h\u00e4ftigt fascinerad av tekniken bakom fotografering, men intresset att l\u00e4ra mig mer om bilder och kompositioner \u00f6kar f\u00f6r varje bild jag tar. Att fotografera har f\u00f6r mig mer och mer blivit en tr\u00e4ning i att komma n\u00e4ra andra m\u00e4nniskor, vilket i sin tur hj\u00e4lper mig i mitt f\u00f6rsta intresse ledarskap och m\u00e4nniskor. Jag \u00e4r mycket imponerad av bilder som utstr\u00e5lar n\u00e4rhet och kontakt.<\/p>\n<p>Eeva Kilpis dikt beskriver detta s\u00e5 vackert.<br \/>\n<em>&#8221;S\u00e4g till om jag st\u00f6r, sa han n\u00e4r han steg in,<br \/>\ns\u00e5 g\u00e5r jag med detsamma.<br \/>\nDu inte bara st\u00f6r, svarade jag.<br \/>\nDu rubbar hela min existens.<br \/>\nV\u00e4lkommen.&#8221;<\/em><\/p>\n<p>B\u00e5de Ledarskap och Fotografering handlar f\u00f6r mig om att finnas, att p\u00e5verka och att bekr\u00e4ftas av er andra, men kanske fr\u00e4mst att bli accepterad, respekterad och omtyckt av mig sj\u00e4lv . Som Hjalmar S\u00f6derberg\u00a0skriver s\u00e5 klokt i Doktor Glas (se ocks\u00e5 <a href=\"https:\/\/www.petera.se\/blog\/man-vill-bli-alskad\">inl\u00e4gget med kommentarer<\/a>)<br \/>\n<em>&#8221;Man vill bli \u00e4lskad,<br \/>\ni brist d\u00e4rp\u00e5 beundrad,<br \/>\ni brist d\u00e4rp\u00e5 fruktad,<br \/>\ni brist d\u00e4rp\u00e5 avskydd och f\u00f6raktad.<br \/>\nMan vill ingiva m\u00e4nniskorna n\u00e5gon slags k\u00e4nsla. Sj\u00e4len ryser f\u00f6r tomrummet och vill ha kontakt till vad pris som helst.&#8221;<\/em>.<\/p>\n<p>D\u00e4r kontakt g\u00e4ller b\u00e5de in\u00e5t och ut\u00e5t. Vi m\u00e5ste ha balans i samtalen med oss sj\u00e4lva och alla andra. Men det spelar ingen roll om jag visar dig en bild, skriver en text p\u00e5 min blog eller om jag pratar med dig en stund. Jag vill p\u00e5verka. Jag vill f\u00f6r\u00e4ndra p\u00e5 n\u00e5got s\u00e4tt. Om du t\u00e4nker eller k\u00e4nner n\u00e5nting annorlunda efter ett m\u00f6te med mig &#8211; d\u00e5 utvecklas jag! M\u00f6t mig p\u00e5 <a href=\"mailto:peterA1967@hotmail.com\">peterA1967@hotmail.com<\/a> eller p\u00e5 <a href=\"http:\/\/www.fotosidan.se\/member\/view.htm?ID=9111\">fotosidan.se<\/a> eller p\u00e5 <a title=\"Masarin Consulting Group\" href=\"http:\/\/masarinconsulting.se\" target=\"_blank\">masarinconsulting.se<\/a>\u00a0eller p\u00e5 <a href=\"http:\/\/www.facebook.com\/peterA1967\" target=\"_blank\">Facebook<\/a> eller mina f\u00e5 utrop p\u00e5 <a href=\"http:\/\/twitter.com\/#!\/peterA1967\" target=\"_blank\">Twitter<\/a> eller skriv en kommentar h\u00e4r p\u00e5 bloggen :)<\/p>\n","protected":false},"excerpt":{"rendered":"<p>Jag \u00e4r en f\u00e5f\u00e4ng och st\u00e4ndigt \u00f6verambiti\u00f6s sundsvallsbo med en enorm vetgirighet. Denna vetgirighet driver mig fram\u00e5t i min st\u00e4ndiga iver att f\u00f6rs\u00f6ka l\u00e4ra mig mer. Jag \u00e4r kontinuerligt reflekterande och missar inte en stund att fundera \u00f6ver situationen och processen, ut\u00f6ver sj\u00e4lva sakfr\u00e5gan. Jag har under de senaste \u00e5ren t\u00e4nkt mycket p\u00e5 mig sj\u00e4lv,&hellip;<\/p>\n","protected":false},"author":2,"featured_media":0,"parent":0,"menu_order":0,"comment_status":"open","ping_status":"open","template":"","meta":{"ngg_post_thumbnail":0,"footnotes":""},"class_list":["post-27","page","type-page","status-publish","hentry"],"aioseo_notices":[],"_links":{"self":[{"href":"https:\/\/www.petera.se\/blog\/wp-json\/wp\/v2\/pages\/27","targetHints":{"allow":["GET"]}}],"collection":[{"href":"https:\/\/www.petera.se\/blog\/wp-json\/wp\/v2\/pages"}],"about":[{"href":"https:\/\/www.petera.se\/blog\/wp-json\/wp\/v2\/types\/page"}],"author":[{"embeddable":true,"href":"https:\/\/www.petera.se\/blog\/wp-json\/wp\/v2\/users\/2"}],"replies":[{"embeddable":true,"href":"https:\/\/www.petera.se\/blog\/wp-json\/wp\/v2\/comments?post=27"}],"version-history":[{"count":18,"href":"https:\/\/www.petera.se\/blog\/wp-json\/wp\/v2\/pages\/27\/revisions"}],"predecessor-version":[{"id":2892,"href":"https:\/\/www.petera.se\/blog\/wp-json\/wp\/v2\/pages\/27\/revisions\/2892"}],"wp:attachment":[{"href":"https:\/\/www.petera.se\/blog\/wp-json\/wp\/v2\/media?parent=27"}],"curies":[{"name":"wp","href":"https:\/\/api.w.org\/{rel}","templated":true}]}}