{"id":799,"date":"2009-05-10T22:08:12","date_gmt":"2009-05-10T20:08:12","guid":{"rendered":"http:\/\/www.petera.se\/blog\/?page_id=799"},"modified":"2009-06-07T22:29:50","modified_gmt":"2009-06-07T20:29:50","slug":"galleri-granlo-bk-f01-02","status":"publish","type":"page","link":"https:\/\/www.petera.se\/blog\/galleri-granlo-bk-f01-02","title":{"rendered":"Galleri: Granlo BK F01-02"},"content":{"rendered":"<p>Granlo BK har ett helt fantastiskt lag med tjejer f\u00f6dda 2001 och 2002. De flesta spelar b\u00e5de innebandy och fotboll. Vi \u00e4r p\u00e5 v\u00e4g in i tredje fotbollss\u00e4songen och avslutade nyss den andra innebandyvintern :) De har lirat l\u00e4nge tillsammans och det m\u00e4rks.<\/p>\n<p>Under 2009 kommer de att spela lite seriefotboll. Det blir matcher p\u00e5 l\u00f6rdagar och det f\u00f6rsta sammandraget h\u00f6lls i Granlo l\u00f6rdag 9 maj. Vi hade grym tur med v\u00e4dret. Det var varmt och vi slapp regnet. Eftersom vi i Granlo BK arrangerade och s\u00e5lde fika s\u00e5 var sn\u00e5lbl\u00e5sten i b\u00f6rjan r\u00e4tt bra f\u00f6r b\u00e5de kaffe- och korvf\u00f6rs\u00e4ljningen. N\u00e4r solen tittade fram gick l\u00e4sk och festis \u00e5t som sm\u00f6r i korvspad ;) Peter Bj\u00f6rs var dagens evenemangsv\u00e4rd och h\u00f6ll koll p\u00e5 n\u00e4stan alla resultat :)<\/p>\n<p>Granlo BK:s f\u00f6rsta match var mot Sund IF, som f\u00f6r dagen i sin roll som bortalag fick spela i bl\u00e5 v\u00e4star, eftersom de hade exakt samma f\u00e4rger som granlotjejerna :) Ett tidigt inledande m\u00e5l av Sund fick oss att tro p\u00e5 m\u00e5lkalas, men matchen v\u00e4nde och blev v\u00e4ldigt j\u00e4mn. Ett kanonm\u00e5l av Mika Almroth utj\u00e4mnade till slutresultatet 1-1. Klart r\u00e4ttvist och\u00a0s\u00e5 kul att\u00a0kunna bjuda till s\u00e5nt bra motst\u00e5nd\u00a0f\u00f6rsta matchen n\u00e5nsin :) H\u00e4r \u00e4r ett litet urval av de bilder som jag tog under dagen.<\/p>\nngg_shortcode_0_placeholder\n","protected":false},"excerpt":{"rendered":"<p>Granlo BK har ett helt fantastiskt lag med tjejer f\u00f6dda 2001 och 2002. De flesta spelar b\u00e5de innebandy och fotboll. Vi \u00e4r p\u00e5 v\u00e4g in i tredje fotbollss\u00e4songen och avslutade nyss den andra innebandyvintern :) De har lirat l\u00e4nge tillsammans och det m\u00e4rks. Under 2009 kommer de att spela lite seriefotboll. Det blir matcher p\u00e5&hellip;<\/p>\n","protected":false},"author":2,"featured_media":0,"parent":0,"menu_order":0,"comment_status":"open","ping_status":"open","template":"document-page.php","meta":{"ngg_post_thumbnail":0,"footnotes":""},"class_list":["post-799","page","type-page","status-publish","hentry"],"aioseo_notices":[],"_links":{"self":[{"href":"https:\/\/www.petera.se\/blog\/wp-json\/wp\/v2\/pages\/799","targetHints":{"allow":["GET"]}}],"collection":[{"href":"https:\/\/www.petera.se\/blog\/wp-json\/wp\/v2\/pages"}],"about":[{"href":"https:\/\/www.petera.se\/blog\/wp-json\/wp\/v2\/types\/page"}],"author":[{"embeddable":true,"href":"https:\/\/www.petera.se\/blog\/wp-json\/wp\/v2\/users\/2"}],"replies":[{"embeddable":true,"href":"https:\/\/www.petera.se\/blog\/wp-json\/wp\/v2\/comments?post=799"}],"version-history":[{"count":4,"href":"https:\/\/www.petera.se\/blog\/wp-json\/wp\/v2\/pages\/799\/revisions"}],"predecessor-version":[{"id":884,"href":"https:\/\/www.petera.se\/blog\/wp-json\/wp\/v2\/pages\/799\/revisions\/884"}],"wp:attachment":[{"href":"https:\/\/www.petera.se\/blog\/wp-json\/wp\/v2\/media?parent=799"}],"curies":[{"name":"wp","href":"https:\/\/api.w.org\/{rel}","templated":true}]}}

<p>Granlo BK har ett helt fantastiskt lag med tjejer födda 2001 och 2002. De flesta spelar både innebandy och fotboll. Vi är på väg in i tredje fotbollssäsongen och avslutade nyss den andra innebandyvintern :) De har lirat länge tillsammans och det märks.</p>
<p>Under 2009 kommer de att spela lite seriefotboll. Det blir matcher på lördagar och det första sammandraget hölls i Granlo lördag 9 maj. Vi hade grym tur med vädret. Det var varmt och vi slapp regnet. Eftersom vi i Granlo BK arrangerade och sålde fika så var snålblåsten i början rätt bra för både kaffe- och korvförsäljningen. När solen tittade fram gick läsk och festis åt som smör i korvspad ;) Peter Björs var dagens evenemangsvärd och höll koll på nästan alla resultat :)</p>
<p>Granlo BK:s första match var mot Sund IF, som för dagen i sin roll som bortalag fick spela i blå västar, eftersom de hade exakt samma färger som granlotjejerna :) Ett tidigt inledande mål av Sund fick oss att tro på målkalas, men matchen vände och blev väldigt jämn. Ett kanonmål av Mika Almroth utjämnade till slutresultatet 1-1. Klart rättvist och så kul att kunna bjuda till sånt bra motstånd första matchen nånsin :) Här är ett litet urval av de bilder som jag tog under dagen.</p>
ngg_shortcode_0_placeholder

<p>Granlo BK har ett helt fantastiskt lag med tjejer födda 2001 och 2002. De flesta spelar både innebandy och fotboll. Vi är på väg in i tredje fotbollssäsongen och avslutade nyss den andra innebandyvintern :) De har lirat länge tillsammans och det märks. Under 2009 kommer de att spela lite seriefotboll. Det blir matcher på&hellip;</p>
